{"id":9,"date":"2022-05-17T15:34:37","date_gmt":"2022-05-17T15:34:37","guid":{"rendered":"http:\/\/eletricaglobalmanfitec.com\/?page_id=9"},"modified":"2022-06-17T03:42:50","modified_gmt":"2022-06-17T03:42:50","slug":"refund_returns","status":"publish","type":"page","link":"https:\/\/eletricaglobalmanfitec.com\/?page_id=9","title":{"rendered":"Pol\u00edticas de Troca e Devolu\u00e7\u00e3o"},"content":{"rendered":"\t\t<div data-elementor-type=\"wp-page\" data-elementor-id=\"9\" class=\"elementor elementor-9\" data-elementor-post-type=\"page\">\n\t\t\t\t\t\t<section class=\"elementor-section elementor-top-section elementor-element elementor-element-58fe7077 elementor-section-boxed elementor-section-height-default elementor-section-height-default\" data-id=\"58fe7077\" data-element_type=\"section\" data-e-type=\"section\">\n\t\t\t\t\t\t<div class=\"elementor-container elementor-column-gap-default\">\n\t\t\t\t\t<div class=\"elementor-column elementor-col-100 elementor-top-column elementor-element elementor-element-5226f89c\" data-id=\"5226f89c\" data-element_type=\"column\" data-e-type=\"column\">\n\t\t\t<div class=\"elementor-widget-wrap elementor-element-populated\">\n\t\t\t\t\t\t<div class=\"elementor-element elementor-element-54ba9d03 elementor-widget elementor-widget-text-editor\" data-id=\"54ba9d03\" data-element_type=\"widget\" data-e-type=\"widget\" data-widget_type=\"text-editor.default\">\n\t\t\t\t<div class=\"elementor-widget-container\">\n\t\t\t\t\t\t\t\t\t\n<p>\u00a0<\/p>\n<p><strong><span style=\"vertical-align: inherit;\"><span style=\"vertical-align: inherit;\">Somente ser\u00e3o aceitos:<\/span><\/span><\/strong><\/p>\n<p><br \/><span style=\"vertical-align: inherit;\"><span style=\"vertical-align: inherit;\">Em at\u00e9 30 dias corridos, contatos do dia da entrega\/recebimento do produto.<\/span><\/span><\/p>\n<p><span style=\"vertical-align: inherit;\"><span style=\"vertical-align: inherit;\">O produto deve estar completo, com a embalagem original, os manuais de instru\u00e7\u00f5es e acess\u00f3rios. <\/span><\/span><br \/><span style=\"vertical-align: inherit;\"><span style=\"vertical-align: inherit;\">\u00a0O produto deve estar acompanhado da Nota Fiscal ou cupom fiscal.<\/span><\/span><\/p>\n<p>\u00a0<\/p>\n<p><strong><span style=\"vertical-align: inherit;\"><span style=\"vertical-align: inherit;\">N\u00e3o ser\u00e3o aceitos:<\/span><\/span><\/strong><\/p>\n<p><br \/><span style=\"vertical-align: inherit;\"><span style=\"vertical-align: inherit;\">Produtos que foram usados; <\/span><span style=\"vertical-align: inherit;\">(exceto casos de defeito t\u00e9cnico ou de fabrica\u00e7\u00e3o de constata\u00e7\u00e3o ap\u00f3s utiliza\u00e7\u00e3o)<\/span><\/span><\/p>\n<p><span style=\"vertical-align: inherit;\"><span style=\"vertical-align: inherit;\">Material com embalagem aberta sem nenhum defeito t\u00e9cnico<\/span><\/span><\/p>\n<p>\u00a0<\/p>\n<p><strong><span style=\"vertical-align: inherit;\"><span style=\"vertical-align: inherit;\">Ap\u00f3s 30 dias:<\/span><\/span><\/strong><br \/><span style=\"vertical-align: inherit;\"><span style=\"vertical-align: inherit;\"> Procure a assist\u00eancia t\u00e9cnica do fabricante do produto.<\/span><\/span><\/p>\n<p><span style=\"vertical-align: inherit;\"><span style=\"vertical-align: inherit;\">Per\u00edodo de contato do dia da entrega\/recebimento do produto.<\/span><\/span><\/p>\n<p>\u00a0<\/p>\n<p>POL\u00cdTICA DE TROCA NO SITE<\/p>\n<p>Para solicitar a troca, voc\u00ea dever\u00e1 entrar em contato com nossa\u00a0Central de Atendimento 11 3603\/0457\u00a0em at\u00e9\u00a07 (sete) dias corridos\u00a0\u00e0 partir do recebimento da mercadoria.<\/p>\n<p>Assim que a troca for solicitada e autorizada pela loja, o lojista passar\u00e1 uma data (prazo) para devolu\u00e7\u00e3o e voc\u00ea dever\u00e1 aguarda o retorno da mercadoria para o nosso estoque para que em seguida, seja enviado um novo produto ou o estorno do valor seja efetuado.<\/p>\n<p>Todas as informa\u00e7\u00f5es ser\u00e3o enviadas por e-mail.<\/p>\n<p>N\u00e3o trocamos mercadoria com embalagem aberta (a n\u00e3o ser que tenha defeito de fabrica\u00e7\u00e3o);<\/p>\n\t\t\t\t\t\t\t\t<\/div>\n\t\t\t\t<\/div>\n\t\t\t\t\t<\/div>\n\t\t<\/div>\n\t\t\t\t\t<\/div>\n\t\t<\/section>\n\t\t\t\t<\/div>\n\t\t","protected":false},"excerpt":{"rendered":"<p>\u00a0 Somente ser\u00e3o aceitos: Em at\u00e9 30 dias corridos, contatos do dia da entrega\/recebimento do produto. O produto deve estar completo, com a embalagem original, os manuais de instru\u00e7\u00f5es e acess\u00f3rios. \u00a0O produto deve estar acompanhado da Nota Fiscal ou cupom fiscal. \u00a0 N\u00e3o ser\u00e3o aceitos: Produtos que foram usados; (exceto casos de defeito t\u00e9cnico [&hellip;]<\/p>\n","protected":false},"author":1,"featured_media":0,"parent":0,"menu_order":0,"comment_status":"closed","ping_status":"closed","template":"","meta":{"footnotes":""},"class_list":["post-9","page","type-page","status-publish","hentry"],"aioseo_notices":[],"_links":{"self":[{"href":"https:\/\/eletricaglobalmanfitec.com\/index.php?rest_route=\/wp\/v2\/pages\/9","targetHints":{"allow":["GET"]}}],"collection":[{"href":"https:\/\/eletricaglobalmanfitec.com\/index.php?rest_route=\/wp\/v2\/pages"}],"about":[{"href":"https:\/\/eletricaglobalmanfitec.com\/index.php?rest_route=\/wp\/v2\/types\/page"}],"author":[{"embeddable":true,"href":"https:\/\/eletricaglobalmanfitec.com\/index.php?rest_route=\/wp\/v2\/users\/1"}],"replies":[{"embeddable":true,"href":"https:\/\/eletricaglobalmanfitec.com\/index.php?rest_route=%2Fwp%2Fv2%2Fcomments&post=9"}],"version-history":[{"count":7,"href":"https:\/\/eletricaglobalmanfitec.com\/index.php?rest_route=\/wp\/v2\/pages\/9\/revisions"}],"predecessor-version":[{"id":579,"href":"https:\/\/eletricaglobalmanfitec.com\/index.php?rest_route=\/wp\/v2\/pages\/9\/revisions\/579"}],"wp:attachment":[{"href":"https:\/\/eletricaglobalmanfitec.com\/index.php?rest_route=%2Fwp%2Fv2%2Fmedia&parent=9"}],"curies":[{"name":"wp","href":"https:\/\/api.w.org\/{rel}","templated":true}]}}